{"id":170,"date":"2024-10-10T09:50:56","date_gmt":"2024-10-10T07:50:56","guid":{"rendered":"https:\/\/ceart.fr\/?page_id=170"},"modified":"2026-01-15T11:11:38","modified_gmt":"2026-01-15T10:11:38","slug":"programme","status":"publish","type":"page","link":"https:\/\/ceart.fr\/index.php\/programme\/","title":{"rendered":"Programme"},"content":{"rendered":"\n<p><\/p>\n\n\n\n<details class=\"wp-block-details has-background is-layout-flow wp-block-details-is-layout-flow\" style=\"background:linear-gradient(135deg,rgb(255,255,255) 0%,rgba(255,246,218,0.84) 0%,rgb(222,185,82) 100%)\"><summary><strong>3 octobre \u2013 26 octobre<\/strong><br>Exposition <em>Les mains de la paix<\/em> &#8211; photographies de Severine Desmarest<\/summary>\n<p><strong>Commissariat Paul-Louis Rinuy<\/strong><\/p>\n\n\n\n<p>Cette exposition de photographies, qui vont jusqu\u2019au ch\u0153ur de cette \u00e9glise contemporaine, pr\u00e9sente une galerie de personnalit\u00e9s c\u00e9l\u00e8bres ou anonymes \u0153uvrant au quotidien en faveur de la paix. Le c\u0153ur de cette entreprise fait \u00e9cho \u00e0 un principe \u00e9nonc\u00e9 dans la charte de l\u2019UNESCO&nbsp;: \u00ab Les guerres prenant naissance dans l\u2019esprit des hommes, c\u2019est dans l\u2019esprit des hommes et des femmes que doivent s\u2019\u00e9lever les d\u00e9fenses de la paix \u00bb.<\/p>\n\n\n\n<p>Les gestes des mains, les postures et les visages s\u2019offrent en t\u00e9moignage de la multiplicit\u00e9 des chemins de paix emprunt\u00e9s effectivement par nos contemporains. A sa mani\u00e8re propre, avec sa singularit\u00e9 de place, d\u2019\u00e2ge et d\u2019action, chaque personne rencontr\u00e9e puis photographi\u00e9e depuis 2004 fait advenir, autant qu\u2019elle le peut, un monde nouveau, pacifi\u00e9 et paisible. Gr\u00e2ce ces multiples actions, d\u2019ampleur et de notori\u00e9t\u00e9 vari\u00e9es, la lumi\u00e8re peut parfois l\u2019emporter sur l\u2019ombre. Lutte contre la pauvret\u00e9, pr\u00e9vention des conflits, d\u00e9veloppement durable, \u00e9galit\u00e9 des chances, d\u00e9fense des droits des femmes, \u00e9ducation et protection de l\u2019enfance constituent quelques-uns des combats pour ce nouvel humanisme, d\u00e9j\u00e0 l\u00e0, encore \u00e0 venir.<\/p>\n\n\n\n<p>L\u2019ardeur, l\u2019\u00e9nergie, la ferveur de ces h\u00e9ros du quotidien incarnent l\u2019esprit des actions de l\u2019UNESCO pour l\u2019\u00e9ducation \u00e0 la paix. C\u2019est pourquoi l\u2019UNESCO s\u2019est associ\u00e9e \u00e0 la d\u00e9marche artistique de la photographe S\u00e9verine Desmarest depuis la gen\u00e8se de ce projet.<\/p>\n\n\n\n<p>L\u2019exposition est une invitation \u00e0 s\u2019engager en faveur de la dignit\u00e9 humaine et de la paix, et \u00e0 agir pour des changements r\u00e9els dans le monde. Des progr\u00e8s collectifs sont possibles ici et maintenant, s\u2019ils commencent avec chacun de nous.<\/p>\n\n\n\n<p>Une conf\u00e9rence-\u00e9change, ouverte \u00e0 tous, se tient dimanche 5 octobre \u00e0 16h, <strong>Que reste-t-il de la non-violence&nbsp;? <\/strong>par Cecile Dubernet, enseignante-chercheuse \u00e0 l\u2019Institut Catholique de Paris.<\/p>\n\n\n\n<p>Un temps de rencontre avec S\u00e9verine Desmarest est organis\u00e9 sur place, dimanche 12 octobre \u00e0 11h30.<\/p>\n\n\n\n<p>S\u00e9verine Desmarest est une photographe autodidacte, qui a laiss\u00e9 ses passions pour l\u2019image, l\u2019humain et l\u2019art pr\u00e9valoir dans son parcours de vie. Nourrie de ses \u00e9tudes de droit, de sciences politiques et de lettres, elle est habit\u00e9e par la volont\u00e9 de mettre en lumi\u00e8re ce qu\u2019il y a de g\u00e9n\u00e9reux dans le monde. L\u2019artiste commence \u00e0 saisir dans ses clich\u00e9s argentiques la magie esth\u00e9tique de l\u2019Op\u00e9ra National de Paris puis de la Com\u00e9die Fran\u00e7aise tout en m\u00fbrissant son projet des &#8221; Mains de la Paix&#8221;. La rencontre de ce projet personnel avec l\u2019UNESCO a \u00e9t\u00e9 le catalyseur qui a permis de r\u00e9aliser concr\u00e8tement cet ensemble de photographies, largement expos\u00e9 depuis pr\u00e8s d\u2019une d\u00e9cennie.<\/p>\n\n\n\n<p>lesmainsdelapaix.com<\/p>\n<\/details>\n\n\n\n<details class=\"wp-block-details has-background is-layout-flow wp-block-details-is-layout-flow\" style=\"background:linear-gradient(135deg,rgb(255,255,255) 0%,rgba(255,246,218,0.84) 0%,rgb(222,185,82) 100%)\"><summary><strong>25 janvier 17h00<\/strong><br>Beata Musica &#8211; ensemble baroque <\/summary>\n<div data-wp-interactive=\"core\/file\" class=\"wp-block-file\"><object data-wp-bind--hidden=\"!state.hasPdfPreview\" hidden class=\"wp-block-file__embed\" data=\"https:\/\/ceart.fr\/wp-content\/uploads\/2026\/01\/prog-web.pdf\" type=\"application\/pdf\" style=\"width:100%;height:600px\" aria-label=\"Embed of prog web.\"><\/object><a id=\"wp-block-file--media-b7a1ff3b-d587-4f3b-8065-7135bcfcc948\" href=\"https:\/\/ceart.fr\/wp-content\/uploads\/2026\/01\/prog-web.pdf\">prog web<\/a><a href=\"https:\/\/ceart.fr\/wp-content\/uploads\/2026\/01\/prog-web.pdf\" class=\"wp-block-file__button wp-element-button\" download aria-describedby=\"wp-block-file--media-b7a1ff3b-d587-4f3b-8065-7135bcfcc948\">T\u00e9l\u00e9charger<\/a><\/div>\n<\/details>\n","protected":false},"excerpt":{"rendered":"","protected":false},"author":1,"featured_media":0,"parent":0,"menu_order":0,"comment_status":"closed","ping_status":"closed","template":"","meta":{"footnotes":""},"class_list":["post-170","page","type-page","status-publish","hentry"],"_links":{"self":[{"href":"https:\/\/ceart.fr\/index.php\/wp-json\/wp\/v2\/pages\/170","targetHints":{"allow":["GET"]}}],"collection":[{"href":"https:\/\/ceart.fr\/index.php\/wp-json\/wp\/v2\/pages"}],"about":[{"href":"https:\/\/ceart.fr\/index.php\/wp-json\/wp\/v2\/types\/page"}],"author":[{"embeddable":true,"href":"https:\/\/ceart.fr\/index.php\/wp-json\/wp\/v2\/users\/1"}],"replies":[{"embeddable":true,"href":"https:\/\/ceart.fr\/index.php\/wp-json\/wp\/v2\/comments?post=170"}],"version-history":[{"count":12,"href":"https:\/\/ceart.fr\/index.php\/wp-json\/wp\/v2\/pages\/170\/revisions"}],"predecessor-version":[{"id":334,"href":"https:\/\/ceart.fr\/index.php\/wp-json\/wp\/v2\/pages\/170\/revisions\/334"}],"wp:attachment":[{"href":"https:\/\/ceart.fr\/index.php\/wp-json\/wp\/v2\/media?parent=170"}],"curies":[{"name":"wp","href":"https:\/\/api.w.org\/{rel}","templated":true}]}}